{"id":140,"date":"2024-06-26T07:02:51","date_gmt":"2024-06-26T07:02:51","guid":{"rendered":"https:\/\/tervahovi.com\/www\/yhteys\/"},"modified":"2024-10-05T06:31:59","modified_gmt":"2024-10-05T06:31:59","slug":"yhteys","status":"publish","type":"page","link":"https:\/\/tervahovi.com\/www\/yhteys\/","title":{"rendered":"Yhteys"},"content":{"rendered":"\t\t<div data-elementor-type=\"wp-page\" data-elementor-id=\"140\" class=\"elementor elementor-140\" data-elementor-post-type=\"page\">\n\t\t\t\t<div class=\"elementor-element elementor-element-11e2b7c e-flex e-con-boxed e-con e-parent\" data-id=\"11e2b7c\" data-element_type=\"container\" data-e-type=\"container\">\n\t\t\t\t\t<div class=\"e-con-inner\">\n\t\t<div class=\"elementor-element elementor-element-9ebc7b6 e-con-full e-flex e-con e-child\" data-id=\"9ebc7b6\" data-element_type=\"container\" data-e-type=\"container\">\n\t\t\t\t<div class=\"elementor-element elementor-element-23d10931 elementor-widget elementor-widget-text-editor\" data-id=\"23d10931\" data-element_type=\"widget\" data-e-type=\"widget\" data-widget_type=\"text-editor.default\">\n\t\t\t\t<div class=\"elementor-widget-container\">\n\t\t\t\t\t\t\t\t\t<h3>Tervahovi<\/h3><p><strong><br \/><\/strong>Hovikallio Oy<br \/>Uittomiehenkatu 19<br \/>38210 Sastamala<strong><br \/><a href=\"tel:0400638935\">0400 638 935 (my\u00f6s WhatsApp)<\/a><br \/><a class=\"email\" href=\"mailto:info@tervahovi.com\">info@tervahovi.com<\/a><br \/><\/strong><\/p>\t\t\t\t\t\t\t\t<\/div>\n\t\t\t\t<\/div>\n\t\t\t\t<div class=\"elementor-element elementor-element-bea419e elementor-shape-square e-grid-align-left elementor-grid-0 elementor-widget elementor-widget-social-icons\" data-id=\"bea419e\" data-element_type=\"widget\" data-e-type=\"widget\" data-widget_type=\"social-icons.default\">\n\t\t\t\t<div class=\"elementor-widget-container\">\n\t\t\t\t\t\t\t<div class=\"elementor-social-icons-wrapper elementor-grid\">\n\t\t\t\t\t\t\t<span class=\"elementor-grid-item\">\n\t\t\t\t\t<a class=\"elementor-icon elementor-social-icon elementor-social-icon-facebook elementor-repeater-item-23935e4\" href=\"https:\/\/www.facebook.com\/tervahovi\/\" target=\"_blank\">\n\t\t\t\t\t\t<span class=\"elementor-screen-only\">Facebook<\/span>\n\t\t\t\t\t\t<svg aria-hidden=\"true\" class=\"e-font-icon-svg e-fab-facebook\" viewBox=\"0 0 512 512\" xmlns=\"http:\/\/www.w3.org\/2000\/svg\"><path d=\"M504 256C504 119 393 8 256 8S8 119 8 256c0 123.78 90.69 226.38 209.25 245V327.69h-63V256h63v-54.64c0-62.15 37-96.48 93.67-96.48 27.14 0 55.52 4.84 55.52 4.84v61h-31.28c-30.8 0-40.41 19.12-40.41 38.73V256h68.78l-11 71.69h-57.78V501C413.31 482.38 504 379.78 504 256z\"><\/path><\/svg>\t\t\t\t\t<\/a>\n\t\t\t\t<\/span>\n\t\t\t\t\t<\/div>\n\t\t\t\t\t\t<\/div>\n\t\t\t\t<\/div>\n\t\t\t\t<\/div>\n\t\t<div class=\"elementor-element elementor-element-fbb620e e-con-full e-flex e-con e-child\" data-id=\"fbb620e\" data-element_type=\"container\" data-e-type=\"container\">\n\t\t\t\t<div class=\"elementor-element elementor-element-e05ab03 elementor-widget elementor-widget-google_maps\" data-id=\"e05ab03\" data-element_type=\"widget\" data-e-type=\"widget\" data-widget_type=\"google_maps.default\">\n\t\t\t\t<div class=\"elementor-widget-container\">\n\t\t\t\t\t\t\t<div class=\"elementor-custom-embed\">\n\t\t\t<iframe loading=\"lazy\"\n\t\t\t\t\tsrc=\"https:\/\/maps.google.com\/maps?q=uittomiehenkatu%2019%2C%20sastamala&#038;t=m&#038;z=10&#038;output=embed&#038;iwloc=near\"\n\t\t\t\t\ttitle=\"uittomiehenkatu 19, sastamala\"\n\t\t\t\t\taria-label=\"uittomiehenkatu 19, sastamala\"\n\t\t\t><\/iframe>\n\t\t<\/div>\n\t\t\t\t\t\t<\/div>\n\t\t\t\t<\/div>\n\t\t\t\t<\/div>\n\t\t\t\t\t<\/div>\n\t\t\t\t<\/div>\n\t\t<div class=\"elementor-element elementor-element-1de99b0b e-flex e-con-boxed e-con e-parent\" data-id=\"1de99b0b\" data-element_type=\"container\" data-e-type=\"container\">\n\t\t\t\t\t<div class=\"e-con-inner\">\n\t\t<div class=\"elementor-element elementor-element-fe8a99c e-con-full e-flex e-con e-child\" data-id=\"fe8a99c\" data-element_type=\"container\" data-e-type=\"container\">\n\t\t\t\t<div class=\"elementor-element elementor-element-3fda5c2c elementor-widget elementor-widget-text-editor\" data-id=\"3fda5c2c\" data-element_type=\"widget\" data-e-type=\"widget\" data-widget_type=\"text-editor.default\">\n\t\t\t\t<div class=\"elementor-widget-container\">\n\t\t\t\t\t\t\t\t\t<h5><a href=\"https:\/\/tervahovi.com\/www\/saunakabinetin-vuokraushinnasto\/\">Vuokraushinnasto saunakabinetti<\/a><\/h5>\t\t\t\t\t\t\t\t<\/div>\n\t\t\t\t<\/div>\n\t\t\t\t<\/div>\n\t\t<div class=\"elementor-element elementor-element-7e7eef8e e-con-full e-flex e-con e-child\" data-id=\"7e7eef8e\" data-element_type=\"container\" data-e-type=\"container\">\n\t\t\t\t<div class=\"elementor-element elementor-element-f255661 elementor-widget elementor-widget-text-editor\" data-id=\"f255661\" data-element_type=\"widget\" data-e-type=\"widget\" data-widget_type=\"text-editor.default\">\n\t\t\t\t<div class=\"elementor-widget-container\">\n\t\t\t\t\t\t\t\t\t<h5><a href=\"https:\/\/tervahovi.com\/www\/wp-content\/uploads\/2024\/06\/VUOKRAUSEHDOT.pdf\" target=\"_blank\" rel=\"noopener\">Vuokrausehdot saunakabinetti<\/a><\/h5>\t\t\t\t\t\t\t\t<\/div>\n\t\t\t\t<\/div>\n\t\t\t\t<\/div>\n\t\t<div class=\"elementor-element elementor-element-1da9709f e-con-full e-flex e-con e-child\" data-id=\"1da9709f\" data-element_type=\"container\" data-e-type=\"container\">\n\t\t\t\t<div class=\"elementor-element elementor-element-4afe525 elementor-widget elementor-widget-text-editor\" data-id=\"4afe525\" data-element_type=\"widget\" data-e-type=\"widget\" data-widget_type=\"text-editor.default\">\n\t\t\t\t<div class=\"elementor-widget-container\">\n\t\t\t\t\t\t\t\t\t<h5><a href=\"https:\/\/tervahovi.com\/www\/wp-content\/uploads\/2024\/06\/Tervahovi_varausehdot.pdf\" target=\"_blank\" rel=\"noopener\" data-wplink-edit=\"true\">Vuokrausehdot juhlatila<\/a><\/h5>\t\t\t\t\t\t\t\t<\/div>\n\t\t\t\t<\/div>\n\t\t\t\t<\/div>\n\t\t\t\t\t<\/div>\n\t\t\t\t<\/div>\n\t\t<div class=\"elementor-element elementor-element-2fcc2c7d e-flex e-con-boxed e-con e-parent\" data-id=\"2fcc2c7d\" data-element_type=\"container\" data-e-type=\"container\" data-settings=\"{&quot;background_background&quot;:&quot;classic&quot;}\">\n\t\t\t\t\t<div class=\"e-con-inner\">\n\t\t<div class=\"elementor-element elementor-element-6f566a3 e-flex e-con-boxed e-con e-child\" data-id=\"6f566a3\" data-element_type=\"container\" data-e-type=\"container\" data-settings=\"{&quot;background_background&quot;:&quot;classic&quot;}\">\n\t\t\t\t\t<div class=\"e-con-inner\">\n\t\t\t\t<div class=\"elementor-element elementor-element-2d6c71c elementor-widget elementor-widget-heading\" data-id=\"2d6c71c\" data-element_type=\"widget\" data-e-type=\"widget\" data-widget_type=\"heading.default\">\n\t\t\t\t<div class=\"elementor-widget-container\">\n\t\t\t\t\t<h2 class=\"elementor-heading-title elementor-size-default\">Ota yhteytt\u00e4<\/h2>\t\t\t\t<\/div>\n\t\t\t\t<\/div>\n\t\t\t\t<div class=\"elementor-element elementor-element-4b16c3d elementor-widget elementor-widget-text-editor\" data-id=\"4b16c3d\" data-element_type=\"widget\" data-e-type=\"widget\" data-widget_type=\"text-editor.default\">\n\t\t\t\t<div class=\"elementor-widget-container\">\n\t\t\t\t\t\t\t\t\t<p><strong>HUOM! Vastaamme kaikkiin yhteydenottohin yleens\u00e4 48h sis\u00e4ll\u00e4. Vastaus menee herk\u00e4sti roskapostikansioon, joten tarkastathan sen jos vastausta ei kuulu tuon ajan sis\u00e4ll\u00e4.<\/strong><\/p>\t\t\t\t\t\t\t\t<\/div>\n\t\t\t\t<\/div>\n\t\t\t\t<div class=\"elementor-element elementor-element-4d6d0fdb elementor-button-align-start elementor-widget__width-inherit elementor-widget elementor-widget-form\" data-id=\"4d6d0fdb\" data-element_type=\"widget\" data-e-type=\"widget\" data-settings=\"{&quot;button_width&quot;:&quot;33&quot;,&quot;step_next_label&quot;:&quot;Next&quot;,&quot;step_previous_label&quot;:&quot;Previous&quot;,&quot;step_type&quot;:&quot;number_text&quot;,&quot;step_icon_shape&quot;:&quot;circle&quot;}\" data-widget_type=\"form.default\">\n\t\t\t\t<div class=\"elementor-widget-container\">\n\t\t\t\t\t\t\t<form class=\"elementor-form\" method=\"post\" name=\"Yhteydenotto\">\n\t\t\t<input type=\"hidden\" name=\"post_id\" value=\"140\"\/>\n\t\t\t<input type=\"hidden\" name=\"form_id\" value=\"4d6d0fdb\"\/>\n\t\t\t<input type=\"hidden\" name=\"referer_title\" value=\"Tervahovi\" \/>\n\n\t\t\t\n\t\t\t<div class=\"elementor-form-fields-wrapper elementor-labels-above\">\n\t\t\t\t\t\t\t\t<div class=\"elementor-field-type-text elementor-field-group elementor-column elementor-field-group-name elementor-col-33 elementor-field-required elementor-mark-required\">\n\t\t\t\t\t\t\t\t\t\t\t\t\t<input size=\"1\" type=\"text\" name=\"form_fields[name]\" id=\"form-field-name\" class=\"elementor-field elementor-size-sm  elementor-field-textual\" placeholder=\"Nimi\" required=\"required\" aria-required=\"true\">\n\t\t\t\t\t\t\t\t\t\t\t<\/div>\n\t\t\t\t\t\t\t\t<div class=\"elementor-field-type-email elementor-field-group elementor-column elementor-field-group-email elementor-col-33 elementor-field-required elementor-mark-required\">\n\t\t\t\t\t\t\t\t\t\t\t\t\t<input size=\"1\" type=\"email\" name=\"form_fields[email]\" id=\"form-field-email\" class=\"elementor-field elementor-size-sm  elementor-field-textual\" placeholder=\"S\u00e4hk\u00f6posti\" required=\"required\" aria-required=\"true\">\n\t\t\t\t\t\t\t\t\t\t\t<\/div>\n\t\t\t\t\t\t\t\t<div class=\"elementor-field-type-text elementor-field-group elementor-column elementor-field-group-field_47377a0 elementor-col-33\">\n\t\t\t\t\t\t\t\t\t\t\t\t\t<input size=\"1\" type=\"text\" name=\"form_fields[field_47377a0]\" id=\"form-field-field_47377a0\" class=\"elementor-field elementor-size-sm  elementor-field-textual\" placeholder=\"Puhelinnumero\">\n\t\t\t\t\t\t\t\t\t\t\t<\/div>\n\t\t\t\t\t\t\t\t<div class=\"elementor-field-type-text elementor-field-group elementor-column elementor-field-group-field_a602ac9 elementor-col-33\">\n\t\t\t\t\t\t\t\t\t\t\t\t\t<input size=\"1\" type=\"text\" name=\"form_fields[field_a602ac9]\" id=\"form-field-field_a602ac9\" class=\"elementor-field elementor-size-sm  elementor-field-textual\" placeholder=\"Toivottu ajankohta\">\n\t\t\t\t\t\t\t\t\t\t\t<\/div>\n\t\t\t\t\t\t\t\t<div class=\"elementor-field-type-select elementor-field-group elementor-column elementor-field-group-field_18e2e94 elementor-col-66\">\n\t\t\t\t\t\t\t<div class=\"elementor-field elementor-select-wrapper remove-before \">\n\t\t\t<div class=\"select-caret-down-wrapper\">\n\t\t\t\t<svg aria-hidden=\"true\" class=\"e-font-icon-svg e-eicon-caret-down\" viewBox=\"0 0 571.4 571.4\" xmlns=\"http:\/\/www.w3.org\/2000\/svg\"><path d=\"M571 393Q571 407 561 418L311 668Q300 679 286 679T261 668L11 418Q0 407 0 393T11 368 36 357H536Q550 357 561 368T571 393Z\"><\/path><\/svg>\t\t\t<\/div>\n\t\t\t<select name=\"form_fields[field_18e2e94]\" id=\"form-field-field_18e2e94\" class=\"elementor-field-textual elementor-size-sm\">\n\t\t\t\t\t\t\t\t\t<option value=\"Muu palvelu\/asia\">Muu palvelu\/asia<\/option>\n\t\t\t\t\t\t\t\t\t<option value=\"Olen kiinnostunut saunakabinetista\">Olen kiinnostunut saunakabinetista<\/option>\n\t\t\t\t\t\t\t\t\t<option value=\"Olen kiinnostunut juhlatilasta\">Olen kiinnostunut juhlatilasta<\/option>\n\t\t\t\t\t\t\t<\/select>\n\t\t<\/div>\n\t\t\t\t\t\t<\/div>\n\t\t\t\t\t\t\t\t<div class=\"elementor-field-type-textarea elementor-field-group elementor-column elementor-field-group-message elementor-col-100\">\n\t\t\t\t\t<textarea class=\"elementor-field-textual elementor-field  elementor-size-sm\" name=\"form_fields[message]\" id=\"form-field-message\" rows=\"5\" placeholder=\"Viestisi\"><\/textarea>\t\t\t\t<\/div>\n\t\t\t\t\t\t\t\t<div class=\"elementor-field-type-text\">\n\t\t\t\t\t<input size=\"1\" type=\"text\" name=\"form_fields[field_b2597f9]\" id=\"form-field-field_b2597f9\" class=\"elementor-field elementor-size-sm \" style=\"display:none !important;\">\t\t\t\t<\/div>\n\t\t\t\t\t\t\t\t<div class=\"elementor-field-type-text elementor-field-group elementor-column elementor-field-group-field_d5fdf29 elementor-col-100 elementor-field-required elementor-mark-required\">\n\t\t\t\t\t\t\t\t\t\t\t\t<label for=\"form-field-field_d5fdf29\" class=\"elementor-field-label\">\n\t\t\t\t\t\t\t\tPaljonko on tuhat + sata?\t\t\t\t\t\t\t<\/label>\n\t\t\t\t\t\t\t\t\t\t\t\t\t\t<input size=\"1\" type=\"text\" name=\"form_fields[field_d5fdf29]\" id=\"form-field-field_d5fdf29\" class=\"elementor-field elementor-size-sm  elementor-field-textual\" required=\"required\" aria-required=\"true\">\n\t\t\t\t\t\t\t\t\t\t\t<\/div>\n\t\t\t\t\t\t\t\t<div class=\"elementor-field-type-recaptcha_v3 elementor-field-group elementor-column elementor-field-group-field_7d3d9a9 elementor-col-100 recaptcha_v3-inline\">\n\t\t\t\t\t<div class=\"elementor-field\" id=\"form-field-field_7d3d9a9\"><div class=\"elementor-g-recaptcha\" data-sitekey=\"6LdEfiMqAAAAAA0v6CHwJCf2RW2yZjimWn4otj3S\" data-type=\"v3\" data-action=\"Form\" data-badge=\"inline\" data-size=\"invisible\"><\/div><\/div>\t\t\t\t<\/div>\n\t\t\t\t\t\t\t\t<div class=\"elementor-field-group elementor-column elementor-field-type-submit elementor-col-33 e-form__buttons\">\n\t\t\t\t\t<button class=\"elementor-button elementor-size-sm\" type=\"submit\">\n\t\t\t\t\t\t<span class=\"elementor-button-content-wrapper\">\n\t\t\t\t\t\t\t\t\t\t\t\t\t\t\t\t\t\t\t\t\t\t<span class=\"elementor-button-text\">L\u00e4het\u00e4<\/span>\n\t\t\t\t\t\t\t\t\t\t\t\t\t<\/span>\n\t\t\t\t\t<\/button>\n\t\t\t\t<\/div>\n\t\t\t<\/div>\n\t\t<\/form>\n\t\t\t\t\t\t<\/div>\n\t\t\t\t<\/div>\n\t\t\t\t\t<\/div>\n\t\t\t\t<\/div>\n\t\t\t\t\t<\/div>\n\t\t\t\t<\/div>\n\t\t\t\t<\/div>\n\t\t","protected":false},"excerpt":{"rendered":"<p>Tervahovi Hovikallio OyUittomiehenkatu 1938210 Sastamala0400 638 935 (my\u00f6s WhatsApp)info@tervahovi.com Facebook Vuokraushinnasto saunakabinetti Vuokrausehdot saunakabinetti Vuokrausehdot juhlatila Ota yhteytt\u00e4 HUOM! Vastaamme [&hellip;]<\/p>\n","protected":false},"author":1,"featured_media":0,"parent":0,"menu_order":0,"comment_status":"closed","ping_status":"closed","template":"","meta":{"site-sidebar-layout":"no-sidebar","site-content-layout":"","ast-site-content-layout":"full-width-container","site-content-style":"default","site-sidebar-style":"default","ast-global-header-display":"","ast-banner-title-visibility":"","ast-main-header-display":"","ast-hfb-above-header-display":"","ast-hfb-below-header-display":"","ast-hfb-mobile-header-display":"","site-post-title":"disabled","ast-breadcrumbs-content":"","ast-featured-img":"disabled","footer-sml-layout":"","theme-transparent-header-meta":"","adv-header-id-meta":"","stick-header-meta":"","header-above-stick-meta":"","header-main-stick-meta":"","header-below-stick-meta":"","astra-migrate-meta-layouts":"default","ast-page-background-enabled":"default","ast-page-background-meta":{"desktop":{"background-color":"var(--ast-global-color-4)","background-image":"","background-repeat":"repeat","background-position":"center center","background-size":"auto","background-attachment":"scroll","background-type":"","background-media":"","overlay-type":"","overlay-color":"","overlay-opacity":"","overlay-gradient":""},"tablet":{"background-color":"","background-image":"","background-repeat":"repeat","background-position":"center center","background-size":"auto","background-attachment":"scroll","background-type":"","background-media":"","overlay-type":"","overlay-color":"","overlay-opacity":"","overlay-gradient":""},"mobile":{"background-color":"","background-image":"","background-repeat":"repeat","background-position":"center center","background-size":"auto","background-attachment":"scroll","background-type":"","background-media":"","overlay-type":"","overlay-color":"","overlay-opacity":"","overlay-gradient":""}},"ast-content-background-meta":{"desktop":{"background-color":"var(--ast-global-color-5)","background-image":"","background-repeat":"repeat","background-position":"center center","background-size":"auto","background-attachment":"scroll","background-type":"","background-media":"","overlay-type":"","overlay-color":"","overlay-opacity":"","overlay-gradient":""},"tablet":{"background-color":"var(--ast-global-color-5)","background-image":"","background-repeat":"repeat","background-position":"center center","background-size":"auto","background-attachment":"scroll","background-type":"","background-media":"","overlay-type":"","overlay-color":"","overlay-opacity":"","overlay-gradient":""},"mobile":{"background-color":"var(--ast-global-color-5)","background-image":"","background-repeat":"repeat","background-position":"center center","background-size":"auto","background-attachment":"scroll","background-type":"","background-media":"","overlay-type":"","overlay-color":"","overlay-opacity":"","overlay-gradient":""}},"footnotes":""},"class_list":["post-140","page","type-page","status-publish","hentry"],"yoast_head":"<!-- This site is optimized with the Yoast SEO plugin v27.4 - https:\/\/yoast.com\/product\/yoast-seo-wordpress\/ -->\n<title>Yhteys - Tervahovi<\/title>\n<meta name=\"robots\" content=\"index, follow, max-snippet:-1, max-image-preview:large, max-video-preview:-1\" \/>\n<link rel=\"canonical\" href=\"https:\/\/tervahovi.com\/www\/yhteys\/\" \/>\n<meta property=\"og:locale\" content=\"fi_FI\" \/>\n<meta property=\"og:type\" content=\"article\" \/>\n<meta property=\"og:title\" content=\"Yhteys - Tervahovi\" \/>\n<meta property=\"og:description\" content=\"Tervahovi Hovikallio OyUittomiehenkatu 1938210 Sastamala0400 638 935 (my\u00f6s WhatsApp)info@tervahovi.com Facebook Vuokraushinnasto saunakabinetti Vuokrausehdot saunakabinetti Vuokrausehdot juhlatila Ota yhteytt\u00e4 HUOM! Vastaamme [&hellip;]\" \/>\n<meta property=\"og:url\" content=\"https:\/\/tervahovi.com\/www\/yhteys\/\" \/>\n<meta property=\"og:site_name\" content=\"Tervahovi\" \/>\n<meta property=\"article:modified_time\" content=\"2024-10-05T06:31:59+00:00\" \/>\n<meta property=\"og:image\" content=\"https:\/\/tervahovi.com\/www\/wp-content\/uploads\/2024\/06\/Juhlatila-Tervahovi-Sastamalassa.png\" \/>\n\t<meta property=\"og:image:width\" content=\"1920\" \/>\n\t<meta property=\"og:image:height\" content=\"1080\" \/>\n\t<meta property=\"og:image:type\" content=\"image\/png\" \/>\n<meta name=\"twitter:card\" content=\"summary_large_image\" \/>\n<meta name=\"twitter:label1\" content=\"Arvioitu lukuaika\" \/>\n\t<meta name=\"twitter:data1\" content=\"1 minuutti\" \/>\n<script type=\"application\/ld+json\" class=\"yoast-schema-graph\">{\"@context\":\"https:\\\/\\\/schema.org\",\"@graph\":[{\"@type\":\"WebPage\",\"@id\":\"https:\\\/\\\/tervahovi.com\\\/www\\\/yhteys\\\/\",\"url\":\"https:\\\/\\\/tervahovi.com\\\/www\\\/yhteys\\\/\",\"name\":\"Yhteys - Tervahovi\",\"isPartOf\":{\"@id\":\"https:\\\/\\\/tervahovi.com\\\/www\\\/#website\"},\"datePublished\":\"2024-06-26T07:02:51+00:00\",\"dateModified\":\"2024-10-05T06:31:59+00:00\",\"breadcrumb\":{\"@id\":\"https:\\\/\\\/tervahovi.com\\\/www\\\/yhteys\\\/#breadcrumb\"},\"inLanguage\":\"fi\",\"potentialAction\":[{\"@type\":\"ReadAction\",\"target\":[\"https:\\\/\\\/tervahovi.com\\\/www\\\/yhteys\\\/\"]}]},{\"@type\":\"BreadcrumbList\",\"@id\":\"https:\\\/\\\/tervahovi.com\\\/www\\\/yhteys\\\/#breadcrumb\",\"itemListElement\":[{\"@type\":\"ListItem\",\"position\":1,\"name\":\"Etusivu\",\"item\":\"https:\\\/\\\/tervahovi.com\\\/www\\\/\"},{\"@type\":\"ListItem\",\"position\":2,\"name\":\"Yhteys\"}]},{\"@type\":\"WebSite\",\"@id\":\"https:\\\/\\\/tervahovi.com\\\/www\\\/#website\",\"url\":\"https:\\\/\\\/tervahovi.com\\\/www\\\/\",\"name\":\"Tervahovi\",\"description\":\"Tervahovi on upea juhlatila Sastamalan syd\u00e4mess\u00e4\",\"publisher\":{\"@id\":\"https:\\\/\\\/tervahovi.com\\\/www\\\/#organization\"},\"potentialAction\":[{\"@type\":\"SearchAction\",\"target\":{\"@type\":\"EntryPoint\",\"urlTemplate\":\"https:\\\/\\\/tervahovi.com\\\/www\\\/?s={search_term_string}\"},\"query-input\":{\"@type\":\"PropertyValueSpecification\",\"valueRequired\":true,\"valueName\":\"search_term_string\"}}],\"inLanguage\":\"fi\"},{\"@type\":\"Organization\",\"@id\":\"https:\\\/\\\/tervahovi.com\\\/www\\\/#organization\",\"name\":\"Tervahovi\",\"url\":\"https:\\\/\\\/tervahovi.com\\\/www\\\/\",\"logo\":{\"@type\":\"ImageObject\",\"inLanguage\":\"fi\",\"@id\":\"https:\\\/\\\/tervahovi.com\\\/www\\\/#\\\/schema\\\/logo\\\/image\\\/\",\"url\":\"https:\\\/\\\/tervahovi.com\\\/www\\\/wp-content\\\/uploads\\\/2024\\\/06\\\/tervahovi-juhlatila-sastamala-1.png\",\"contentUrl\":\"https:\\\/\\\/tervahovi.com\\\/www\\\/wp-content\\\/uploads\\\/2024\\\/06\\\/tervahovi-juhlatila-sastamala-1.png\",\"width\":700,\"height\":247,\"caption\":\"Tervahovi\"},\"image\":{\"@id\":\"https:\\\/\\\/tervahovi.com\\\/www\\\/#\\\/schema\\\/logo\\\/image\\\/\"}}]}<\/script>\n<!-- \/ Yoast SEO plugin. -->","yoast_head_json":{"title":"Yhteys - Tervahovi","robots":{"index":"index","follow":"follow","max-snippet":"max-snippet:-1","max-image-preview":"max-image-preview:large","max-video-preview":"max-video-preview:-1"},"canonical":"https:\/\/tervahovi.com\/www\/yhteys\/","og_locale":"fi_FI","og_type":"article","og_title":"Yhteys - Tervahovi","og_description":"Tervahovi Hovikallio OyUittomiehenkatu 1938210 Sastamala0400 638 935 (my\u00f6s WhatsApp)info@tervahovi.com Facebook Vuokraushinnasto saunakabinetti Vuokrausehdot saunakabinetti Vuokrausehdot juhlatila Ota yhteytt\u00e4 HUOM! Vastaamme [&hellip;]","og_url":"https:\/\/tervahovi.com\/www\/yhteys\/","og_site_name":"Tervahovi","article_modified_time":"2024-10-05T06:31:59+00:00","og_image":[{"width":1920,"height":1080,"url":"https:\/\/tervahovi.com\/www\/wp-content\/uploads\/2024\/06\/Juhlatila-Tervahovi-Sastamalassa.png","type":"image\/png"}],"twitter_card":"summary_large_image","twitter_misc":{"Arvioitu lukuaika":"1 minuutti"},"schema":{"@context":"https:\/\/schema.org","@graph":[{"@type":"WebPage","@id":"https:\/\/tervahovi.com\/www\/yhteys\/","url":"https:\/\/tervahovi.com\/www\/yhteys\/","name":"Yhteys - Tervahovi","isPartOf":{"@id":"https:\/\/tervahovi.com\/www\/#website"},"datePublished":"2024-06-26T07:02:51+00:00","dateModified":"2024-10-05T06:31:59+00:00","breadcrumb":{"@id":"https:\/\/tervahovi.com\/www\/yhteys\/#breadcrumb"},"inLanguage":"fi","potentialAction":[{"@type":"ReadAction","target":["https:\/\/tervahovi.com\/www\/yhteys\/"]}]},{"@type":"BreadcrumbList","@id":"https:\/\/tervahovi.com\/www\/yhteys\/#breadcrumb","itemListElement":[{"@type":"ListItem","position":1,"name":"Etusivu","item":"https:\/\/tervahovi.com\/www\/"},{"@type":"ListItem","position":2,"name":"Yhteys"}]},{"@type":"WebSite","@id":"https:\/\/tervahovi.com\/www\/#website","url":"https:\/\/tervahovi.com\/www\/","name":"Tervahovi","description":"Tervahovi on upea juhlatila Sastamalan syd\u00e4mess\u00e4","publisher":{"@id":"https:\/\/tervahovi.com\/www\/#organization"},"potentialAction":[{"@type":"SearchAction","target":{"@type":"EntryPoint","urlTemplate":"https:\/\/tervahovi.com\/www\/?s={search_term_string}"},"query-input":{"@type":"PropertyValueSpecification","valueRequired":true,"valueName":"search_term_string"}}],"inLanguage":"fi"},{"@type":"Organization","@id":"https:\/\/tervahovi.com\/www\/#organization","name":"Tervahovi","url":"https:\/\/tervahovi.com\/www\/","logo":{"@type":"ImageObject","inLanguage":"fi","@id":"https:\/\/tervahovi.com\/www\/#\/schema\/logo\/image\/","url":"https:\/\/tervahovi.com\/www\/wp-content\/uploads\/2024\/06\/tervahovi-juhlatila-sastamala-1.png","contentUrl":"https:\/\/tervahovi.com\/www\/wp-content\/uploads\/2024\/06\/tervahovi-juhlatila-sastamala-1.png","width":700,"height":247,"caption":"Tervahovi"},"image":{"@id":"https:\/\/tervahovi.com\/www\/#\/schema\/logo\/image\/"}}]}},"_links":{"self":[{"href":"https:\/\/tervahovi.com\/www\/wp-json\/wp\/v2\/pages\/140","targetHints":{"allow":["GET"]}}],"collection":[{"href":"https:\/\/tervahovi.com\/www\/wp-json\/wp\/v2\/pages"}],"about":[{"href":"https:\/\/tervahovi.com\/www\/wp-json\/wp\/v2\/types\/page"}],"author":[{"embeddable":true,"href":"https:\/\/tervahovi.com\/www\/wp-json\/wp\/v2\/users\/1"}],"replies":[{"embeddable":true,"href":"https:\/\/tervahovi.com\/www\/wp-json\/wp\/v2\/comments?post=140"}],"version-history":[{"count":70,"href":"https:\/\/tervahovi.com\/www\/wp-json\/wp\/v2\/pages\/140\/revisions"}],"predecessor-version":[{"id":768,"href":"https:\/\/tervahovi.com\/www\/wp-json\/wp\/v2\/pages\/140\/revisions\/768"}],"wp:attachment":[{"href":"https:\/\/tervahovi.com\/www\/wp-json\/wp\/v2\/media?parent=140"}],"curies":[{"name":"wp","href":"https:\/\/api.w.org\/{rel}","templated":true}]}}